 = l**3 - 7*l**2 + 3*l - 1. Give g(b).
-19
Let l(v) = v + 6. Suppose 62 + 34 = -16*b. Determine l(b).
0
Let w(z) = -4*z. Suppose 0 = 4*f + 4*f + 8. Suppose 4*v + 7 + 13 = -4*d, 5*d = v - 13. Let t be (f - (v - 0)) + 2. Give w(t).
-12
Let r be -20*(-3)/45*3. Let t(h) = -8*h - 4. What is t(r)?
-36
Let p = 59 - 38. Let x(r) = p - 27 + 0*r - r. Give x(-8).
2
Let k(m) = -3*m - 10. Let u = -1862 + 1857. Determine k(u).
5
Let q(k) = -4*k**2 + 5*k - 2. Let u(x) = 2*x. Let d(y) = -q(y) + 2*u(y). Give d(2).
16
Let r(j) = 7017*j**2 + 3*j**3 - 10 + 0*j**3 + 5*j - 7009*j**2 - 2*j**3. Suppose 0 = -4*l + b - 24, 0*l - 2*l = -5*b - 6. Determine r(l).
4
Let t be 16/(-28)*(-11 + 4). Let o(y) be the first derivative of 4*y + 1/2*y**2 - t. Determine o(-6).
-2
Let j(g) = -3*g + 6. Let w(y) = -12*y + 103. Let h be w(8). Give j(h).
-15
Let u be -1 + (-20)/(-2) + 0. Let z(a) = -7*a + 54*a**3 - 3*a + 9 - 30*a**3 - 25*a**3 + 10*a**2. Calculate z(u).
0
Let d(p) be the first derivative of -p**5/5 + p**4/6 - p**2/2 - 9*p + 5. Let h(k) be the first derivative of d(k). Calculate h(1).
-3
Suppose -4*s + 15 = -s. Let m = s - 4. Let v(q) = q**3 + q**2 - q + 1. Let n(i) = -4*i**3 - 8*i**2 - 2. Let w(y) = m*n(y) + 3*v(y). Determine w(-4).
-3
Let d(g) = 4*g - 7. Suppose -5*z - 2*z = 0. Suppose -4 + z = -t. Suppose -p + 25 = t*p. Calculate d(p).
13
Let k(i) be the first derivative of -i**4/6 - i**3/6 - 8*i**2 + 25. Let a(n) be the second derivative of k(n). Determine a(-4).
15
Let i(d) = -d. Let c(o) = 3*o + 4. Let f(z) = c(z) + 4*i(z). Let b be f(4). Suppose 0 = 4*a - 20, 4*l + 2*a - 34 = -b. Let h(r) = -r**2 + 7*r. Give h(l).
6
Let i(y) be the first derivative of -2*y**3/3 + 3*y**2/2 - 1. Let m be 308/6 + (-2)/6. Let h = 54 - m. Calculate i(h).
-9
Suppose -n + 3*n + 4 = j, 24 = 4*j - 4*n. Let f(h) = 0*h**2 + 11 + 275*h + j*h**2 - 284*h - 4*h**3 + 5*h**3. Calculate f(-9).
11
Let b(v) = -4*v + 34. Let s(r) = -r + 11. Let d(n) = -2*b(n) + 7*s(n). Suppose 988*o - 990*o - 8 = 0. Calculate d(o).
5
Let a(h) = 3*h**2 + h - 1. Let o(y) = -10*y**2 - 11*y - 2. Let f(g) = -3*a(g) - o(g). Give f(-4).
-11
Let o(b) = -9*b + 4. Let q(d) = 46*d - 19. Let w(z) = -11*o(z) - 2*q(z). Let v(s) = -8*s + 7. Let m(f) = 5*v(f) + 6*w(f). Calculate m(-3).
-7
Suppose 0 = 3*w + 4*l - 12, -2*w = -2*l + 4*l - 8. Suppose -2*d = -4, 0*o + 2*d = -o + w. Let h(b) = b + 2. What is h(o)?
2
Suppose 12*r - 15 = 9*r. Suppose -5*p - r = -3*j - 2, 4*p + 2*j - 2 = 0. Let q(d) = 2*d + 11 + p*d - 3*d. Determine q(5).
6
Let r(j) = 41*j. Let l be r(4). Suppose 8*a - 4*a = l. Suppose -2*w = -n - 7, a = 4*w + 2*n + 7. Let u(b) = b**3 - 5*b**2 - 6*b - 2. Determine u(w).
-2
Let z(f) = 2*f**2 + 9*f + 6. Let o = 116 - 120. Determine z(o).
2
Let o(q) = -q**3 + 4*q**2 - 2*q + 4. Suppose 2*y + y + 147 = -3*x, -4*y - 150 = 3*x. Let a = 49 + x. Calculate o(a).
7
Let a(l) = -l - 1. Suppose 3*d = 9, -5*z - 3*d = -0*z - 19. Suppose -3*i + 16 = -2*h, -h + 0*i - 3*i = 8. Let x = z + h. Determine a(x).
5
Let c(h) = h**3 - 2*h**2 - 2*h - 1. Let j be c(3). Let l(m) = 1 + j*m - 3*m + 1. Let n(f) = 1. Let r(k) = -l(k) - 6*n(k). Give r(7).
-1
Let f(w) = w - 4. Suppose -5*l + 45 = 5*y, 0*y + 20 = 3*y - 4*l. Suppose 3*u - 7*u = -y. Suppose -2 = -j + 2*v, -u*j - 2*j = v - 8. Calculate f(j).
-2
Let q(m) = -6*m**2 + m**3 - 2 - m - 2 + 5*m. Suppose 0 = c + 2 - 3. Suppose -c - 4 = -t. Give q(t).
-9
Suppose 2 = q, -5*k = 4*q - 13 - 20. Let t(m) = -5 + 3*m - k*m - 2 + 3. Let p = -12 - -8. Give t(p).
4
Suppose 4*s - 5*v - 126 = 0, -4*v + 0*v - 128 = -4*s. Let k = s + -31. Let p(d) = 2*d - 2. Calculate p(k).
4
Let d(a) be the second derivative of a**4/12 - 2*a**3/3 + 159*a. What is d(4)?
0
Let g(c) = c + 13 - 9 + 0. Give g(6).
10
Suppose 16*x + 43 = 139. Let p(z) = z**2 + z - 1. Let a(t) = 3*t**2 + 7*t + 4. Let r(y) = -a(y) + 4*p(y). Give r(x).
10
Let m(l) = -l**2 + 9*l - 10. Let f be m(7). Suppose -v + 22 = 4*d, 3*d = d + f*v + 2. Suppose d = 3*y - 1. Let z(a) = -2*a**2 - a - 1. Give z(y).
-11
Let o(u) = 3*u**2 + 1. Let t be o(-1). Let z(n) = -536*n - 7 + 160*n + 216*n + 161*n. Determine z(t).
-3
Suppose -5*r + h + 15 = -3*h, -2*r + 4*h - 6 = 0. Let f(q) = 2*q - 8. Let d(z) = -1. Let k(a) = -d(a) + f(a). Give k(r).
7
Let c(d) be the first derivative of d**6/360 + d**5/40 - d**4/8 - 56*d**3/3 + 44. Let a(n) be the third derivative of c(n). Let q = 4 - 8. Give a(q).
1
Let i(l) = l**3 + 5*l**2 - 8*l - 3. Suppose 104 = -4*q + 20. Let v be q/7 + 2*3. Suppose -6 = -v*b - 24. Determine i(b).
9
Let s(r) = 6*r + 3. Let c(z) = 5*z - 21. Let u be c(8). Suppose 0 = 5*a - 4*n + 7, -4*a = 5*n + 3 + u. Determine s(a).
-15
Let j(k) be the second derivative of 0 - 1/2*k**2 - 1/6*k**4 + 1/60*k**5 + k + 1/120*k**6 - 1/6*k**3. Let r(w) be the first derivative of j(w). What is r(-3)?
-7
Let m be 1 - (-10 - 12/(-4)). Let a = -3 + m. Let b = a - 5. Let t(h) = -h - 2. What is t(b)?
-2
Let p(x) be the second derivative of x**5/20 - x**4/3 - x**3/3 - 3*x**2/2 + 2*x - 6. Determine p(4).
-11
Let t(d) = 12*d + 14. Let z(v) = 11*v + 10. Let x(g) = -2*t(g) + 3*z(g). Give x(-1).
-7
Let h(d) = 5*d + 4. Let v = -39 - -36. Let m(x) = 5*x + 3. Let s(o) = v*m(o) + 2*h(o). Let w = 1 + 0. Calculate s(w).
-6
Let k(u) be the first derivative of 0*u**2 - 1/360*u**6 + u**3 - 1/60*u**5 - 3 + 0*u - 1/12*u**4. Let v(i) be the third derivative of k(i). What is v(-3)?
-5
Let k(p) = -286*p - 13 + 287*p + 5. What is k(7)?
-1
Let d be (-24)/128*-4*-4. Let x(t) = t**3 + 2*t**2 - 2*t + 2. Give x(d).
-1
Suppose 99*w + 35 = 104*w. Let c(d) = d**3 - 7*d**2 + 5*d - 3. What is c(w)?
32
Let v(d) = 5*d**2 + 19*d - 27. Let j(x) = -2*x**2 - 6*x + 9. Let h(y) = -8*j(y) - 3*v(y). Calculate h(8).
1
Let o(m) = -m**2 - 20*m - 55. Let v be o(-17). Let f(x) = x**3 + 4*x**2 - x - 1. Calculate f(v).
3
Let a(t) = 9*t**2. Let l(r) = -r**3 + 16*r**2 + r - 15. Let y = 17 + -1. Let c be l(y). What is a(c)?
9
Suppose 0 = -j - j + 4. Let b(u) = 0*u + 3*u + 3*u + 6*u**j - 2*u**3 + u**3 - 4. Give b(7).
-11
Let s(i) = -i**2 - 20*i - 10. Suppose -80 - 148 = 12*l. Determine s(l).
9
Let a(i) = i**3 + 2*i**2 + 4*i + 1. Suppose -4*d + y - 1 = -3*d, 3*y = -d - 9. What is a(d)?
-20
Let r(o) = 2*o - 6. Let a = 20 + 18. Let f = a + -32. Give r(f).
6
Suppose 3*m = -m + 2*t - 202, -49 = m + t. Let c be (-2)/(-4) - 225/m. Let v(g) = g**3 - 6*g**2 + 5*g - 3. What is v(c)?
-3
Let w = -726 - -1453/2. Let g(p) be the first derivative of -2/3*p**3 + 7 - p + w*p**2. Give g(2).
-7
Let i(n) = 16*n**3 + 6*n**2 + 6*n. Let q(k) = -30*k**3 - 11*k**2 - 11*k. Let y(r) = 11*i(r) + 6*q(r). Let u be 0 + 2/(4 - 2). Calculate y(u).
-4
Let s(n) = 1 - 93*n**2 + 92*n**2 + 0 - n + n. Calculate s(-6).
-35
Let r(g) = 0*g + 4*g - 6 + 8 - 3*g. Let n = -56 - -61. What is r(n)?
7
Suppose 6*i = 4*i + 24. Suppose 4*v = 2*v + i. Let f(n) = n - 5 - 14 + 30 - 6. Give f(v).
11
Suppose 5*b = -23 + 3. Let s(v) be the first derivative of v**5/60 - v**3/2 + 13*v**2/2 - 1. Let n(j) be the second derivative of s(j). Determine n(b).
13
Suppose 4*d - 2*t = -8, -3*t + 12 = -2*d + 5*d. Let h = 2 + d. Let n(p) = 4*p**2 - p. Give n(h).
14
Let t be (-56)/2*(-2)/8. Suppose -32 = -t*c + 3*c - 4*v, v = -4*c + 17. Let n(r) = -6*r + 8. Let x(y) = 7*y - 9. Let w(s) = -6*n(s) - 5*x(s). Determine w(c).
0
Let o(x) = x**2 - 21*x + 45. Let y(v) = v**2 + 27*v - 351. Let m be y(-37). Calculate o(m).
7
Suppose 32*t + 7*t = 273. Let o(b) = -5*b + 31. Calculate o(t).
-4
Let d = -18 + 18. Suppose -2*g + 0*g + 20 = d. Let i = g - 4. Let f(p) = p**2 - 3*p - 4. Determine f(i).
14
Let f = -8 + 10. Suppose 4 = 4*d, -f*s - 11 = -s + 3*d. Let t be (-21)/(-14) - s/(-4). Let v(o) = o**3 + 3*o**2 + 2*o + 1. Determine v(t).
1
Let u(q) = 3*q - 6. Let k(m) = -m**2 - 12*m + 4. Let j be k(-10). Let l = 26 - j. Suppose -11 = -l*d - 3. What is u(d)?
6
Let c(a) be the first derivative of -a**3/6 + 9*a**2/2 - 4*a + 1. Let o(s) be the first derivative of c(s). What is o(4)?
5
Let m(n) = n**2 + 4*n - 3. Let j(u) = 20*u - 3 - 7*u + 10*u**2 - 9*u**2. Let y be j(-13). Determine m(y).
-6
Let c(h) = 30*h**2 - 66*h**2 - 9 + 0*h + 35*h**2 - 8*h. Determine c(-4).
7
Let x(a) = 7*a + 27. Let q(g) = -g - 1. Let w(r) = -6*q(r) - x(r). Give w(-11).
-10
Let o be (-6)/(-8) + (-42)/(-8). Suppose o + 6 = 3*l. Suppose 0 = -0*h + l*h. Let t(q) = 